= 0, -4*g - 2*a + 48150 = 0. Is g composite?
False
Suppose 2*t - 5*d + 646 = 0, 17 = -5*d - 3. Let n = t + 786. Is n a prime number?
False
Is (-6)/(-8) - 852642/(-72) prime?
False
Let w = 68679 + -33910. Is w prime?
False
Let r(w) = -78*w - 278. Is r(-30) composite?
True
Let b be (25/(-15)*-530)/((-2)/(-3)). Suppose -y = 2*j + 4, 0 = y + 2*j + j + 6. Suppose m - b = -4*f, 3*m + 2*m - 5 = y. Is f a prime number?
True
Suppose -3*g = 2*c - 6 - 5, -4*c = 3*g - 7. Suppose -n + 312 = g*y, -n - 2*n = 3*y - 924. Let h = n - 164. Is h a prime number?
False
Suppose 0 = -3*k - 3*x + 2754, x - 2750 = -3*k - x. Is k composite?
True
Let p = -18963 + 36970. Is p a composite number?
True
Suppose 6*x - 8 = q + 5*x, -2*q - 4*x = -2. Let z be ((-6)/q)/((-6)/(-15)). Let b = z + 110. Is b a prime number?
True
Let g be 36814/5 - 56/70. Suppose -4*b - 5*o = -g, -4*o + 5522 = b + 2*b. Is b composite?
True
Suppose 0 = -4*b + w + 4672, -5*b + w + 932 = -4907. Suppose 5*x - 5*q + 212 = b, -q = 3*x - 585. Is x a prime number?
False
Let g(x) = -2*x - 14. Let o be g(-9). Suppose -5*k - 725 = -5*y, 4*k + 171 - 719 = -o*y. Is y a prime number?
False
Let d = -38 + 38. Is 2 - 0 - (-177 - d) composite?
False
Let y(n) = n**2 - 7*n - 12. Let v be y(10). Is (2540/60)/(2/v) composite?
True
Is 18061 + (-9 - 6) + 7 a prime number?
False
Let t = 12 + -10. Let y = 7 - t. Suppose f = 3*n + 32 + 22, -y*f = -5*n - 220. Is f a prime number?
False
Let b = 15 + -5. Is (-45)/b*(-74)/3 composite?
True
Let u(i) = 2*i - 1. Let t be u(2). Suppose -t*z = -z - 4*v - 630, -311 = -z + v. Is z composite?
False
Let y(d) = d**3 + 8*d**2 + 3*d - 3. Let m be ((-7)/14)/((-3)/(-30)). Is y(m) a composite number?
True
Let z = 976 + -389. Is z a composite number?
False
Let j be ((-11)/(22/(-24)))/(-1). Let v(p) = -p**3 - 3*p**2 + 3*p + 7. Let z be v(-6). Let x = j + z. Is x a prime number?
False
Let b be 4*-1 - (-1956 - -1). Let c = b - 962. Is c a prime number?
False
Suppose -24*u - 67*u = -2502773. Is u prime?
False
Suppose 0 = 5*z - 3*t - 131512, 2*z - 5*t = 57856 - 5255. Is z a prime number?
False
Let v = 25640 - 15895. Is v a composite number?
True
Let h(m) = 3*m - 9. Let v be h(5). Suppose 0 = 3*y - v*y + 36. Suppose 5*q - y - 96 = -2*f, 4*f = 3*q + 190. Is f prime?
False
Let x be 8/(-32) + 18/8. Let n(c) = 10*c**x - 2 - 1 - 2 + 6. Is n(3) a prime number?
False
Suppose -2*r + 2*c + 2242 = 0, 20*r - 2256 = 18*r - 5*c. Is r composite?
False
Let y(k) = -k**3 - 5*k**2 - 4*k + 3. Let o be y(-4). Suppose 184*m = 190*m. Suppose -u - 5*z + 78 = m, -2*u - 5*z = o*u - 290. Is u a prime number?
True
Let f(s) = -4*s**2 + 1517. Is f(0) a composite number?
True
Let o = -417 + 647. Let i = 525 - o. Is i composite?
True
Let z(k) be the third derivative of -59*k**4/3 + 13*k**3/6 - 28*k**2. Is z(-4) a composite number?
False
Let s be (-6)/(-9) - 26/(-6). Let m be -2*(2 - 3)*s. Suppose w = 2*r - m, 2 - 12 = -3*r + 4*w. Is r prime?
False
Let f(l) = l**3 + 2*l**2 - l - 2. Let w be f(-1). Suppose -n - z = -955, w = -n + 3*z + 1054 - 99. Is n a composite number?
True
Suppose -5*p + 36 + 44 = 0. Let r = p - -163. Suppose -5*y = -776 - r. Is y prime?
True
Suppose -149*x - 2061562 = -211*x. Is x a composite number?
True
Suppose -5*l + 4*f + 4869 = 0, -f + 2935 = -0*l + 3*l. Is l composite?
False
Let v(q) = -28*q**3 + 10*q**2 - 13*q - 6. Let s(h) = -42*h**3 + 15*h**2 - 19*h - 9. Let j(r) = 5*s(r) - 7*v(r). Is j(-4) prime?
False
Let c(s) = 60*s**3 - 3*s**2 + 2*s - 3. Let w(u) = -8*u - 1. Let t be w(-4). Let g = -29 + t. Is c(g) composite?
True
Let u(c) = 505*c**2 - 54*c - 303. Is u(-6) a composite number?
True
Let b(c) = 2*c + 14*c**3 + 25 + 8*c**2 - 11*c**2 + 5*c**2. Is b(5) prime?
False
Suppose u + 3*o - 38 = 0, 5*o = 4*u + 4*o - 87. Is u composite?
False
Suppose -24657 = -4*d - 2429. Is d composite?
False
Suppose 10*u = 38449 + 3321. Is u prime?
True
Let i be (7 - 8)*284/(-1). Suppose u - 249 = i. Is u composite?
True
Let z = 21 + -19. Suppose -z*x - x - 530 = -h, 10 = 2*x. Suppose 14*a = 13*a + h. Is a composite?
True
Suppose 0 = -4*n - 8, 298 = 3*s + s + 5*n. Let r = s - 7. Let g = r + 21. Is g composite?
True
Let b = -71 + 69. Is b/7 + 3243/7 a prime number?
True
Suppose m + 2 = -9. Is (-508)/m + (-32)/176 prime?
False
Let m be (15 - -1690) + -3 + -1. Let w = 2404 - m. Is w prime?
False
Let f(m) = -m**2 - 13*m - 8. Let y be f(-13). Let x(l) = -45*l + 21. Is x(y) a prime number?
False
Let k be -5*(-6)/10*(3 + -2). Suppose -d + 2 = 0, -3*d = k*f - d - 1147. Is f a composite number?
True
Suppose -5*t + 8 = -4*w - t, 2*w = -4*t - 16. Let b = 10 + w. Is (b/12)/(2/212) composite?
False
Suppose -5*g + 2*g + 14409 = 0. Is g a prime number?
False
Suppose -1 = -5*b - 11. Is 54126/(-54)*(-1 + b) prime?
False
Let i(x) be the first derivative of -x**3/3 - 7*x**2/2 + 22*x - 9. Let a be i(-9). Suppose a*h + 455 = 11*h. Is h a composite number?
True
Let q(v) = 4*v**2 + v + 451. Let s be -5 + (10 - (-4 - -9)). Is q(s) a prime number?
False
Let o(z) be the third derivative of z**4/4 + z**3/6 + 4*z**2. Let h be o(1). Let l(j) = 12*j + 7. Is l(h) composite?
True
Is (-39714)/(-15) - (-9)/(-15) a prime number?
True
Let n(t) = -3319*t - 159. Is n(-16) a composite number?
True
Let m be 58/12 - (-2)/12. Let o(n) = 17*n - 6. Let w be o(m). Suppose 96 = 5*x - w. Is x prime?
False
Let a be 1 + 7/((-14)/324). Let k = -84 - a. Suppose 4*g - 157 = -3*m, g + g = -m + k. Is g composite?
False
Let v be 66/(42/(-9) + 4). Let u = v - -230. Suppose -2*m = n - 0*m - 117, n - 5*m - u = 0. Is n prime?
False
Let j(t) = -2*t**3 - t + 3. Let y be j(0). Suppose 2*o - 2*u = 54, 2*u = -u - y. Is o composite?
True
Let i = 6 - 0. Suppose 4*g + 10644 = 4*u, 0*g - 7995 = 3*g + u. Is (4/i)/((-16)/g) composite?
True
Let v(g) = -173*g + 59. Is v(-4) a composite number?
False
Let l = 584 + 198. Suppose l = 3*n + 4*q, -6*q - 747 = -3*n - 3*q. Is n prime?
False
Suppose -4*c + 904 = 3*o, 5*c = -3*o + 2*c + 900. Suppose 2*u + o = 3*w - 175, 0 = 2*w - 3*u - 309. Is w composite?
True
Let v = 48 - 4. Let l be (-9)/(-27) + v/(-6). Is l/(28/(-8)) + 285 composite?
True
Suppose 0 = -5*h - s + 30933, 8*h - 3*h - 30927 = -4*s. Is h a composite number?
True
Suppose a - 7*a = -24. Suppose 15*n = a*n + 1133. Is n prime?
True
Let d = -16719 + 92698. Is d prime?
True
Is (-1032796)/(-186)*9/6 a prime number?
True
Let j be 50/(-1 + 3 - 4). Let q = j - -25. Suppose 9*g - 2*g - 1015 = q. Is g a composite number?
True
Let t(m) = -4*m + 9. Let k be t(-9). Suppose -2*d + i + 30 = 0, -3*d + 5*i - i = -k. Is 3 + 68 + d/5 a composite number?
True
Let t = -392 + 624. Suppose w - 36 + 379 = 3*h, -t = -2*h - w. Is h a composite number?
True
Suppose -2*j - 13 - 5 = -2*b, 4*b + 9 = -5*j. Suppose b*o - 655 = 85. Is o a prime number?
False
Suppose 3*x = -3*u, -5*u = -4*u + 3*x + 4. Suppose 7*v - u = 8*v, a = -v + 107. Is a prime?
True
Let m(a) = 2*a**2 - 8*a - 3. Let q(s) be the second derivative of s**4/12 - 7*s**3/6 + 3*s**2 - 5*s. Let d be q(7). Is m(d) composite?
True
Let b = 91189 - 39612. Is b a composite number?
False
Is (8/4)/(-2) - -33082 composite?
True
Let l = -2059 - -879. Is (-1 + (-9)/(-6))/((-10)/l) a composite number?
False
Let r be ((-5992)/(-6))/7*-3. Let j = 841 + r. Is j composite?
True
Suppose 0 = -2*x - 2 - 4. Let y be ((-17)/(-5) + x)*5. Suppose -3*u + 4*h - 11 + 249 = 0, y*h = -4*u + 288. Is u composite?
True
Let o(a) be the second derivative of 149*a**4/4 + a**3/6 + a**2/2 + a. Suppose -27 = -14*b - 41. Is o(b) a prime number?
False
Suppose b - 16440 = s + 6661, -5*b - 2*s = -115491. Is b prime?
True
Suppose 7*s = 4*s - 141. Let i = s + 66. Is i a composite number?
False
Let f be 1 - (1 + -2) - -30. Suppose -f = -4*p - 0*p. Is (124/p)/((-1)/(-2)) a composite number?
False
Let w(j) = 255*j - 23. Is w(6) a composite number?
True
Is (-109942)/(-7) - -5 - 5 a prime number?
False
Suppose 0 = -4*t + 9*t. Suppose x = 2, 5*x - 2*x = 5*v - 2484. Suppose -4*s - 126 + v = t. Is s composite?
True
Let h = -531 + 1204. Is h composite?
False
Let u = -346 + 498. Suppose t = 5*l + 143, 2*l = -t - 2*l + u. Let d = -102 + t. Is d a prime number?
False
Let j(s) = -29*s**3 + 18*s**2 - 24*s - 2. Let x be j(7). Is x/(-15) + 1/3 + -2 prime?
False
Suppose -g - 4*m = 4*g - 15715, 15745 = 5*g - 2*m. Is g a pri